{"id":137,"date":"2011-03-11T10:58:32","date_gmt":"2011-03-11T10:58:32","guid":{"rendered":"http:\/\/www.dokosmuskrtkem.cz\/wordpress\/?page_id=137"},"modified":"2011-03-11T11:02:59","modified_gmt":"2011-03-11T11:02:59","slug":"kosmicky-program-usa-v-roce-2011","status":"publish","type":"page","link":"https:\/\/www.dokosmuskrtkem.cz\/wordpress\/?page_id=137","title":{"rendered":"Kosmick\u00fd program USA v roce 2011"},"content":{"rendered":"<ul>\n<li><strong>3. \u00fanora 2011<\/strong> \u2013 Posledn\u00ed start americk\u00e9ho raketopl\u00e1nu Discovery STS-133. Na Mezin\u00e1rodn\u00ed kosmickou stanici m\u00e1 dopravit skladovac\u00ed modul PLM Leonardo.<\/li>\n<li><strong>15. \u00fanora 2011<\/strong> \u2013 Americk\u00e1 meziplanet\u00e1rn\u00ed sonda Stardust\/NExT m\u00e1 prolet\u011bt ve vzd\u00e1lenosti zhruba 200 km od komety 9P\/Tempel-1.<\/li>\n<li><strong>18. b\u0159ezna 2011<\/strong> \u2013 Americk\u00e1 meziplanet\u00e1rn\u00ed sonda MESSENGER (start srpen 2004) m\u00e1 p\u0159ej\u00edt na ob\u011b\u017enou dr\u00e1hu planety Merkur (jako prvn\u00ed lidmi vyroben\u00e9 t\u011bleso v historii).<\/li>\n<li><strong>1. dubna 2011<\/strong> \u2013 Posledn\u00ed start americk\u00e9ho raketopl\u00e1nu Endeavour (a p\u0159edposledn\u00ed let raketopl\u00e1n\u016f v\u016fbec) k misi STS-134. Na Mezin\u00e1rodn\u00ed kosmickou stanici m\u00e1 dopravit t\u0159\u00edtunov\u00fd spektrometr AMS-02 (nejv\u011bt\u0161\u00ed p\u0159\u00edstroj na stanici) ke studiu formov\u00e1n\u00ed vesm\u00edru stejn\u011b jako rozlo\u017een\u00ed hmoty a antihmoty.<\/li>\n<li><strong>28. \u010dervna 2011<\/strong> \u2013 Start historicky posledn\u00edho raketopl\u00e1nu, stroje Atlantis k misi STS-135. \u00dakolem \u010dty\u0159\u010dlenn\u00e9 pos\u00e1dky bude zajistit z\u00e1sobov\u00e1n\u00ed Mezin\u00e1rodn\u00ed kosmick\u00e9 stanice a p\u0159ipravit ji na dobu po skon\u010den\u00ed let\u016f raketopl\u00e1n\u016f.<\/li>\n<li><strong>15. \u010dervence 2011<\/strong> \u2013 Druh\u00fd zku\u0161ebn\u00ed start kosmick\u00e9 lodi Dragon, kter\u00e1 by se m\u011bla pokusit dopravit z\u00e1soby na Mezin\u00e1rodn\u00ed kosmickou stanici.<\/li>\n<li><strong>16. \u010dervence 2011<\/strong> \u2013 Americk\u00e1 meziplanet\u00e1rn\u00ed sonda Dawn m\u00e1 vstoupit na ob\u011b\u017enou dr\u00e1hu kolem planetky Vesta, kde z\u016fstane jeden rok (pot\u00e9 se vyd\u00e1 na cestu k dal\u0161\u00ed planetce).<\/li>\n<li><strong>5. srpna 2011<\/strong> \u2013 Start americk\u00e9 meziplanet\u00e1rn\u00ed sondy Juno, kter\u00e1 m\u00e1 v \u0159\u00edjnu 2016 vstoupit na ob\u011b\u017enou dr\u00e1hu planety Jupiter a zkoumat jej\u00ed vznik, v\u00fdvoj a strukturu.<\/li>\n<li><strong>8. z\u00e1\u0159\u00ed 2011<\/strong> \u2013 Start dvojice americk\u00fdch sond GRAIL ur\u010den\u00fdch ke studiu M\u011bs\u00edce a jeho interi\u00e9ru.<\/li>\n<li><strong>25. listopadu 2011<\/strong> \u2013 Start americk\u00e9 meziplanet\u00e1rn\u00ed sondy Curiosity (d\u0159\u00edve MSL, Mars Science Laboratory). Ta p\u0159edstavuje jednotunov\u00e9 \u0161estikolov\u00e9 vozidlo, kter\u00e9 m\u00e1 v srpnu 2012 p\u0159ist\u00e1t na povrchu planety Mars a najezdit zde des\u00edtky kilometr\u016f.<\/li>\n<\/ul>\n<p>Upozor\u0148ujeme, \u017ee term\u00edny &#8211; zvl\u00e1\u0161t\u011b kosmick\u00fdch start\u016f \u2013 jsou p\u0159edb\u011b\u017en\u00e9 a mohou se zm\u011bnit.<\/p>\n<p>P\u0159ipravil Tom\u00e1\u0161 P\u0159ibyl (<a href=\"http:\/\/www.kosmonaut.cz\" target=\"_blank\">www.kosmonaut.cz<\/a>)<\/p>\n<p>Dal\u0161\u00ed informace o americk\u00e9m kosmick\u00e9m programu si m\u016f\u017eete p\u0159e\u010d\u00edst v \u010dl\u00e1nku <a href=\"http:\/\/www.astro.cz\/clanek\/3450\" target=\"_blank\">Jak\u00fd bude americk\u00fd kosmick\u00fd program za Baracka Obamy<\/a> (Astronomick\u00fd \u00fastav AV)<\/p>\n","protected":false},"excerpt":{"rendered":"<p>3. \u00fanora 2011 \u2013 Posledn\u00ed start americk\u00e9ho raketopl\u00e1nu Discovery STS-133. Na Mezin\u00e1rodn\u00ed kosmickou stanici m\u00e1 dopravit skladovac\u00ed modul PLM Leonardo. 15. \u00fanora 2011 \u2013 Americk\u00e1 meziplanet\u00e1rn\u00ed sonda Stardust\/NExT m\u00e1 prolet\u011bt ve vzd\u00e1lenosti zhruba 200 km od komety 9P\/Tempel-1. 18. b\u0159ezna &hellip; <a href=\"https:\/\/www.dokosmuskrtkem.cz\/wordpress\/?page_id=137\">Cel\u00fd p\u0159\u00edsp\u011bvek <span class=\"meta-nav\">&rarr;<\/span><\/a><\/p>\n","protected":false},"author":222,"featured_media":0,"parent":0,"menu_order":0,"comment_status":"closed","ping_status":"open","template":"","meta":{"footnotes":""},"class_list":["post-137","page","type-page","status-publish","hentry"],"_links":{"self":[{"href":"https:\/\/www.dokosmuskrtkem.cz\/wordpress\/index.php?rest_route=\/wp\/v2\/pages\/137","targetHints":{"allow":["GET"]}}],"collection":[{"href":"https:\/\/www.dokosmuskrtkem.cz\/wordpress\/index.php?rest_route=\/wp\/v2\/pages"}],"about":[{"href":"https:\/\/www.dokosmuskrtkem.cz\/wordpress\/index.php?rest_route=\/wp\/v2\/types\/page"}],"author":[{"embeddable":true,"href":"https:\/\/www.dokosmuskrtkem.cz\/wordpress\/index.php?rest_route=\/wp\/v2\/users\/222"}],"replies":[{"embeddable":true,"href":"https:\/\/www.dokosmuskrtkem.cz\/wordpress\/index.php?rest_route=%2Fwp%2Fv2%2Fcomments&post=137"}],"version-history":[{"count":4,"href":"https:\/\/www.dokosmuskrtkem.cz\/wordpress\/index.php?rest_route=\/wp\/v2\/pages\/137\/revisions"}],"predecessor-version":[{"id":139,"href":"https:\/\/www.dokosmuskrtkem.cz\/wordpress\/index.php?rest_route=\/wp\/v2\/pages\/137\/revisions\/139"}],"wp:attachment":[{"href":"https:\/\/www.dokosmuskrtkem.cz\/wordpress\/index.php?rest_route=%2Fwp%2Fv2%2Fmedia&parent=137"}],"curies":[{"name":"wp","href":"https:\/\/api.w.org\/{rel}","templated":true}]}}