{"id":225,"date":"2011-03-21T08:43:15","date_gmt":"2011-03-21T08:43:15","guid":{"rendered":"http:\/\/www.dokosmuskrtkem.cz\/wordpress\/?page_id=225"},"modified":"2011-03-23T09:11:17","modified_gmt":"2011-03-23T09:11:17","slug":"kresba-ceskeho-chlapce-poleti-v-raketoplanu-endeavour","status":"publish","type":"page","link":"https:\/\/www.dokosmuskrtkem.cz\/wordpress\/?page_id=225","title":{"rendered":"Kresba \u010desk\u00e9ho chlapce polet\u00ed v raketopl\u00e1nu Endeavour"},"content":{"rendered":"<p><strong>Kresba \u010desk\u00e9ho chlapce Tom\u00e1\u0161e Suchana (14 let, Praha) polet\u00ed v osobn\u00edm bal\u00ed\u010dku astronauta Andrewa Feustela na palub\u011b raketopl\u00e1nu Endeavour p\u0159i jeho posledn\u00edm letu.<\/strong><\/p>\n<p><a href=\"https:\/\/www.dokosmuskrtkem.cz\/wordpress\/wp-content\/uploads\/pic-suchan2.jpg\"><img loading=\"lazy\" decoding=\"async\" class=\"alignright size-full wp-image-235\" title=\"Klikn\u011bte pro obr\u00e1zek i s rodinou astronauta Feustela\" src=\"https:\/\/www.dokosmuskrtkem.cz\/wordpress\/wp-content\/uploads\/pic-suchan.jpg\" alt=\"Feustelovi s obr\u00e1zkem Tom\u00e1\u0161e Suchana (14 let), kter\u00fd si s sebou vezme na misi STS-134\" width=\"285\" height=\"214\" \/><\/a>Americk\u00fd astronaut Andrew Feustel se o sv\u00e9m za\u0159azen\u00ed\u00a0 do pos\u00e1dky letu raketopl\u00e1nu Endeavour STS 134\u00a0 dozv\u011bd\u011bl\u00a0 v\u00a0 \u010cesk\u00e9 republice.\u00a0 Tou dobou toti\u017e na pozv\u00e1n\u00ed Astronomick\u00e9ho \u00fastavu AV \u010cR pob\u00fdval v \u010cR, kam nejen p\u0159ivezl P\u00edsn\u011b kosmick\u00e9 Jana Nerudy, kter\u00e9 s sebou v roce 2009 vzal na palub\u011b raketopl\u00e1nu Atlantis k Hubbleovu kosmick\u00e9mu dalekohledu, ale absolvoval zde tak\u00e9 velmi \u00fasp\u011b\u0161n\u00e9 turn\u00e9 s besedami pro ve\u0159ejnost.<\/p>\n<p>Byl srpen roku 2009, mikrobus Astronomick\u00e9ho \u00fastavu AV \u010cR st\u00e1l u \u010derpac\u00ed stanice v Brn\u011b a zat\u00edmco \u0159idi\u010d tankoval, astronaut Feustel prob\u00edral ve sv\u00e9m mobiln\u00edm telefonu do\u0161lou elektronickou po\u0161tu. Sed\u011bl jsem jako doprovod a organiz\u00e1tor besed vp\u0159edu a najednou jsem zaznamenal vzru\u0161en\u00ed v\u0161ech \u010dlen\u016f rodiny &#8211; man\u017eelky Indiry, syn\u016f Ariho a Adena a samoz\u0159ejm\u011b Andrewa Feustela. Na dotaz mi nejd\u0159\u00edve odpov\u011bd\u011bla Indira Feustelov\u00e1: &#8222;Drew se pr\u00e1v\u011b od NASA dozv\u011bd\u011bl, \u017ee byl za\u0159azen do letu STS 134&#8220;. V\u0161ichni jsme spont\u00e1nn\u011b zatleskali.\u00a0Byli\u00a0 jsme toti\u017e u\u017e \u010dtvrt\u00fd den na spole\u010dn\u00e9 cest\u011b\u00a0 \u010ceskou\u00a0 republikou a na\u0161e pos\u00e1dka se ji\u017e velmi dob\u0159e znala a tak\u00e9 jsem velmi dob\u0159e v\u011bd\u011bl, jak Andrew Feustel svoji pr\u00e1ci miluje a jak se j\u00ed naplno v\u011bnuje.<\/p>\n<p>V p\u0159edve\u010der odletu rodiny Feustelov\u00fdch, kdy\u017e jsem to doma vypr\u00e1v\u011bl, jsem nahlas vyslovil ot\u00e1zku &#8222;Co tak jenom d\u00e1t\u00a0 Andrewovi Feustelovi\u00a0 s\u00a0 sebou,\u00a0 aby\u00a0 vid\u011bl,\u00a0 \u017ee m\u00e1me radost z rozhodnut\u00ed NASA spolu s n\u00edm?&#8220; M\u016fj syn vzal fixy,\u00a0sedl\u00a0a zhruba za hodinu m\u011bl hotov obr\u00e1zek, kter\u00fd se skl\u00e1dal z \u00fast\u0159edn\u00edho n\u00e1pisu STS 134 a kolem ozna\u010den\u00ed mise byla naps\u00e1na k\u0159estn\u00ed jm\u00e9na cel\u00e9 rodiny, to v\u0161e v osobit\u00e9m grafick\u00e9m proveden\u00ed.<\/p>\n<p>Obr\u00e1zek jsem v pond\u011bln\u00edm brzk\u00e9m r\u00e1nu p\u0159edal astronautovi na ruzy\u0148sk\u00e9m leti\u0161ti a pop\u0159\u00e1l cel\u00e9 rodin\u011b p\u011bknou cestu zp\u011bt do USA. Jak\u00e9 bylo na\u0161e p\u0159ekvapen\u00ed, kdy\u017e na V\u00e1noce 2009 p\u0159i\u0161lo od rodiny Feustelov\u00fdch p\u0159\u00e1n\u00ed s p\u0159\u00edlohou \u2014 fotografi\u00ed, jak ti, co byli na obr\u00e1zku vyjmenovan\u00ed, dr\u017e\u00ed ve sv\u00e1te\u010dn\u00edm v\u00e1no\u010dn\u00edm oble\u010den\u00ed tento obr\u00e1zek v ruce. Bylo to maxim\u00e1ln\u011b mil\u00e9. Je\u0161t\u011b v\u011bt\u0161\u00ed p\u0159ekvapen\u00ed ale \u010dekalo na svou chv\u00edli, a to a\u017e mi telefonicky Drew ozn\u00e1mil, \u017ee se rozhodl tento obr\u00e1zek vz\u00edt s sebou ve sv\u00e9m osobn\u00edm bal\u00ed\u010dku na palubu raketopl\u00e1nu.\u00a0Zeptal jsem se ho na to pro jistotu rad\u011bji je\u0161t\u011b t\u0159ikr\u00e1t &#8230;<\/p>\n<p>Fotografie obr\u00e1zku \u010desk\u00e9ho chlapce, kter\u00fd polet\u00ed na palub\u011b Endeavouru, nem\u00e1 \u017e\u00e1dn\u00e9 velk\u00e9 rozli\u0161en\u00ed. Museli jsme ji vy\u0159\u00edznout z rodinn\u00e9 fotografie Feustelov\u00fdch. Nikoho z n\u00e1s tehdy nenapadlo, \u017ee bychom si m\u011bli ud\u011blat kopii,\u00a0naskenovat ten obr\u00e1zek,\u00a0\u017ee by m\u011bl b\u00fdt n\u011b\u010d\u00edm v\u00fdjime\u010dn\u00fd&#8230;\u00a0byl to prost\u011b d\u00e1rek. A nyn\u00ed polet\u00ed na ob\u011b\u017enou dr\u00e1hu Zem\u011b. Od \u010desk\u00e9ho \u017e\u00e1ka z\u00e1kladn\u00ed \u0161koly k Mezin\u00e1rodn\u00ed kosmick\u00e9 stanici.<\/p>\n<p>Autor obr\u00e1zku: Tom\u00e1\u0161 Suchan, 14 let, Praha<br \/>\nOtec autora: Pavel Suchan, Astronomick\u00fd \u00fastav AV \u010cR, suchan@astro.cz, 737 322 815<\/p>\n","protected":false},"excerpt":{"rendered":"<p>Kresba \u010desk\u00e9ho chlapce Tom\u00e1\u0161e Suchana (14 let, Praha) polet\u00ed v osobn\u00edm bal\u00ed\u010dku astronauta Andrewa Feustela na palub\u011b raketopl\u00e1nu Endeavour p\u0159i jeho posledn\u00edm letu. Americk\u00fd astronaut Andrew Feustel se o sv\u00e9m za\u0159azen\u00ed\u00a0 do pos\u00e1dky letu raketopl\u00e1nu Endeavour STS 134\u00a0 dozv\u011bd\u011bl\u00a0 v\u00a0 &hellip; <a href=\"https:\/\/www.dokosmuskrtkem.cz\/wordpress\/?page_id=225\">Cel\u00fd p\u0159\u00edsp\u011bvek <span class=\"meta-nav\">&rarr;<\/span><\/a><\/p>\n","protected":false},"author":222,"featured_media":0,"parent":0,"menu_order":0,"comment_status":"closed","ping_status":"open","template":"","meta":{"footnotes":""},"class_list":["post-225","page","type-page","status-publish","hentry"],"_links":{"self":[{"href":"https:\/\/www.dokosmuskrtkem.cz\/wordpress\/index.php?rest_route=\/wp\/v2\/pages\/225","targetHints":{"allow":["GET"]}}],"collection":[{"href":"https:\/\/www.dokosmuskrtkem.cz\/wordpress\/index.php?rest_route=\/wp\/v2\/pages"}],"about":[{"href":"https:\/\/www.dokosmuskrtkem.cz\/wordpress\/index.php?rest_route=\/wp\/v2\/types\/page"}],"author":[{"embeddable":true,"href":"https:\/\/www.dokosmuskrtkem.cz\/wordpress\/index.php?rest_route=\/wp\/v2\/users\/222"}],"replies":[{"embeddable":true,"href":"https:\/\/www.dokosmuskrtkem.cz\/wordpress\/index.php?rest_route=%2Fwp%2Fv2%2Fcomments&post=225"}],"version-history":[{"count":8,"href":"https:\/\/www.dokosmuskrtkem.cz\/wordpress\/index.php?rest_route=\/wp\/v2\/pages\/225\/revisions"}],"predecessor-version":[{"id":345,"href":"https:\/\/www.dokosmuskrtkem.cz\/wordpress\/index.php?rest_route=\/wp\/v2\/pages\/225\/revisions\/345"}],"wp:attachment":[{"href":"https:\/\/www.dokosmuskrtkem.cz\/wordpress\/index.php?rest_route=%2Fwp%2Fv2%2Fmedia&parent=225"}],"curies":[{"name":"wp","href":"https:\/\/api.w.org\/{rel}","templated":true}]}}

Kresba českého chlapce poletí v raketoplánu Endeavour

<p><strong>Kresba českého chlapce Tomáše Suchana (14 let, Praha) poletí v osobním balíčku astronauta Andrewa Feustela na palubě raketoplánu Endeavour při jeho posledním letu.</strong></p>
<p><a href="https://www.dokosmuskrtkem.cz/wordpress/wp-content/uploads/pic-suchan2.jpg"><img loading="lazy" decoding="async" class="alignright size-full wp-image-235" title="Klikněte pro obrázek i s rodinou astronauta Feustela" src="https://www.dokosmuskrtkem.cz/wordpress/wp-content/uploads/pic-suchan.jpg" alt="Feustelovi s obrázkem Tomáše Suchana (14 let), který si s sebou vezme na misi STS-134" width="285" height="214" /></a>Americký astronaut Andrew Feustel se o svém zařazení  do posádky letu raketoplánu Endeavour STS 134  dozvěděl  v  České republice.  Tou dobou totiž na pozvání Astronomického ústavu AV ČR pobýval v ČR, kam nejen přivezl Písně kosmické Jana Nerudy, které s sebou v roce 2009 vzal na palubě raketoplánu Atlantis k Hubbleovu kosmickému dalekohledu, ale absolvoval zde také velmi úspěšné turné s besedami pro veřejnost.</p>
<p>Byl srpen roku 2009, mikrobus Astronomického ústavu AV ČR stál u čerpací stanice v Brně a zatímco řidič tankoval, astronaut Feustel probíral ve svém mobilním telefonu došlou elektronickou poštu. Seděl jsem jako doprovod a organizátor besed vpředu a najednou jsem zaznamenal vzrušení všech členů rodiny &#8211; manželky Indiry, synů Ariho a Adena a samozřejmě Andrewa Feustela. Na dotaz mi nejdříve odpověděla Indira Feustelová: &#8222;Drew se právě od NASA dozvěděl, že byl zařazen do letu STS 134&#8220;. Všichni jsme spontánně zatleskali. Byli  jsme totiž už čtvrtý den na společné cestě  Českou  republikou a naše posádka se již velmi dobře znala a také jsem velmi dobře věděl, jak Andrew Feustel svoji práci miluje a jak se jí naplno věnuje.</p>
<p>V předvečer odletu rodiny Feustelových, když jsem to doma vyprávěl, jsem nahlas vyslovil otázku &#8222;Co tak jenom dát  Andrewovi Feustelovi  s  sebou,  aby  viděl,  že máme radost z rozhodnutí NASA spolu s ním?&#8220; Můj syn vzal fixy, sedl a zhruba za hodinu měl hotov obrázek, který se skládal z ústředního nápisu STS 134 a kolem označení mise byla napsána křestní jména celé rodiny, to vše v osobitém grafickém provedení.</p>
<p>Obrázek jsem v pondělním brzkém ránu předal astronautovi na ruzyňském letišti a popřál celé rodině pěknou cestu zpět do USA. Jaké bylo naše překvapení, když na Vánoce 2009 přišlo od rodiny Feustelových přání s přílohou — fotografií, jak ti, co byli na obrázku vyjmenovaní, drží ve svátečním vánočním oblečení tento obrázek v ruce. Bylo to maximálně milé. Ještě větší překvapení ale čekalo na svou chvíli, a to až mi telefonicky Drew oznámil, že se rozhodl tento obrázek vzít s sebou ve svém osobním balíčku na palubu raketoplánu. Zeptal jsem se ho na to pro jistotu raději ještě třikrát &#8230;</p>
<p>Fotografie obrázku českého chlapce, který poletí na palubě Endeavouru, nemá žádné velké rozlišení. Museli jsme ji vyříznout z rodinné fotografie Feustelových. Nikoho z nás tehdy nenapadlo, že bychom si měli udělat kopii, naskenovat ten obrázek, že by měl být něčím výjimečný&#8230; byl to prostě dárek. A nyní poletí na oběžnou dráhu Země. Od českého žáka základní školy k Mezinárodní kosmické stanici.</p>
<p>Autor obrázku: Tomáš Suchan, 14 let, Praha<br />
Otec autora: Pavel Suchan, Astronomický ústav AV ČR, suchan@astro.cz, 737 322 815</p>

<p>Kresba českého chlapce Tomáše Suchana (14 let, Praha) poletí v osobním balíčku astronauta Andrewa Feustela na palubě raketoplánu Endeavour při jeho posledním letu. Americký astronaut Andrew Feustel se o svém zařazení  do posádky letu raketoplánu Endeavour STS 134  dozvěděl  v  &hellip; <a href="https://www.dokosmuskrtkem.cz/wordpress/?page_id=225">Celý příspěvek <span class="meta-nav">&rarr;</span></a></p>
