{"id":289,"date":"2011-03-21T15:00:05","date_gmt":"2011-03-21T15:00:05","guid":{"rendered":"http:\/\/www.dokosmuskrtkem.cz\/wordpress\/?page_id=289"},"modified":"2011-04-05T08:00:19","modified_gmt":"2011-04-05T08:00:19","slug":"astronaute-usa-ceskeho-puvodu","status":"publish","type":"page","link":"https:\/\/www.dokosmuskrtkem.cz\/wordpress\/?page_id=289","title":{"rendered":"Astronaut\u00e9 USA \u010desk\u00e9ho p\u016fvodu"},"content":{"rendered":"<h3>James Arthur Lovell, Jr.<\/h3>\n<p>Narozen 25. 3. 1928 (Cleveland, Ohio)<br \/>\n22. \u010dlov\u011bk, kter\u00fd let\u011bl do vesm\u00edru (11. Ameri\u010dan)<br \/>\n4 kosmick\u00e9 lety, celkem ve vesm\u00edru str\u00e1vil 29 dn\u00ed 19 hodin a 6 minut<br \/>\n1965: Gemini 7 (pilot), skupinov\u00fd let s lod\u00ed Gemini 6A<br \/>\n1966: Gemini 12 (velitel), spojen\u00ed s nepilotovan\u00fdm t\u011blesem Agena<br \/>\n1968: Apollo 8 (pilot), prvn\u00ed let lid\u00ed k M\u011bs\u00edci<br \/>\n1970: Apollo 13 (velitel), pokus o 3. p\u0159ist\u00e1n\u00ed na M\u011bs\u00edci, exploze kysl\u00edkov\u00e9 n\u00e1dr\u017ee, pouh\u00fd oblet M\u011bs\u00edce<\/p>\n<p>P\u0159edci Jamese Lovella poch\u00e1zej\u00ed ze z\u00e1padn\u00edch \u010cech (Doln\u00ed Lukavice nedaleko Plzn\u011b), on osobn\u011b n\u011bkolikr\u00e1t nav\u0161t\u00edvil \u010ceskou republiku, naposledy v roce 2000.<br \/>\nJeho jm\u00e9nem je pojmenov\u00e1na planetka (.)Lovell<\/p>\n<h3>Eugene Andrew Cernan<\/h3>\n<p>Narozen 14. 3. 1934 (Chicago, Illinois)<br \/>\n26. \u010dlov\u011bk ve vesm\u00edru (11. na M\u011bs\u00edci)<br \/>\n3 kosmick\u00e9 lety, celkem ve vesm\u00edru str\u00e1vil 23 dn\u00ed 14 hodin 16 minut<br \/>\n1966: Gemini 9A (pilot), n\u00e1cvik man\u00e9vrov\u00e1n\u00ed na ob\u011b\u017en\u00e9 dr\u00e1ze, v\u00fdstup do voln\u00e9ho kosmu (2h 9m)<br \/>\n1969: Apollo 10 (pilot lun\u00e1rn\u00edho modulu), posledn\u00ed testy p\u0159ed p\u0159ist\u00e1n\u00edm na M\u011bs\u00edci<br \/>\n1972: Apollo 17 (velitel), 6. \u00fasp\u011b\u0161n\u00e1 m\u011bs\u00ed\u010dn\u00ed expedice, celkem 3. m\u011bs\u00ed\u010dn\u00ed vych\u00e1zky v celkov\u00e9 d\u00e9lce 22h 5m<\/p>\n<p>Prarodi\u010de E.Cernana z otcovy strany, \u0160tefan a Anna \u010cernanovi, poch\u00e1zeli z Vysok\u00e9 nad Kysucou (Slovensko), jeho prarodi\u010de z mat\u010diny strany, Franti\u0161ek a Roz\u00e1lie Cihl\u00e1\u0159ovi, z Bernartic u T\u00e1bora a Nuzic u Bechyn\u011b.<\/p>\n<p>E. Cernan je historicky posledn\u00edm pozem\u0161\u0165anem, kter\u00fd opustil povrch M\u011bs\u00edce.<br \/>\nDo \u010cesk\u00e9 republiky se E. Cernan vrac\u00ed \u010dasto, naposledy v \u010dervnu 2008.<br \/>\nJm\u00e9nem E.Cernana je pojmenov\u00e1na planetka (12790)Cernan, objeven\u00e1 na Kleti.<\/p>\n<h3>John Elmer Blaha<\/h3>\n<p>Narozen 26.8.1942 (San Antonio, Texas)<br \/>\n212. \u010dlov\u011bk ve vesm\u00edru, celkem 5 kosmick\u00fdch let\u016f, ve vesm\u00edru str\u00e1vil 161 dn\u00ed 2 hodiny 48 minut<br \/>\n1989: raketopl\u00e1n Discovery STS-29 (pilot)<br \/>\n1989: raketopl\u00e1n Discovery STS-33 (pilot)<br \/>\n1991: raketopl\u00e1n Atlantis STS-43 (velitel)<br \/>\n1993: raketopl\u00e1n Columbia STS-58 (velitel)<br \/>\n1996: dlouhodob\u00fd pobyt na rusk\u00e9 orbit\u00e1ln\u00ed stanici MIR (128dn\u00ed)<\/p>\n<p>D\u011bd Johna Blahy, Anton\u00edn Blaha, poch\u00e1zel z Her\u00e1lce u Humpolce.<br \/>\n\u010ceskou republiku nav\u0161t\u00edvil dvakr\u00e1t, naposledy v \u0159\u00edjnu 2001.<br \/>\nJeho jm\u00e9nem je pojmenov\u00e1na planetka (22442)Blaha, objeven\u00e1 na Kleti.<\/p>\n","protected":false},"excerpt":{"rendered":"<p>James Arthur Lovell, Jr. Narozen 25. 3. 1928 (Cleveland, Ohio) 22. \u010dlov\u011bk, kter\u00fd let\u011bl do vesm\u00edru (11. Ameri\u010dan) 4 kosmick\u00e9 lety, celkem ve vesm\u00edru str\u00e1vil 29 dn\u00ed 19 hodin a 6 minut 1965: Gemini 7 (pilot), skupinov\u00fd let s lod\u00ed &hellip; <a href=\"https:\/\/www.dokosmuskrtkem.cz\/wordpress\/?page_id=289\">Cel\u00fd p\u0159\u00edsp\u011bvek <span class=\"meta-nav\">&rarr;<\/span><\/a><\/p>\n","protected":false},"author":222,"featured_media":0,"parent":0,"menu_order":0,"comment_status":"closed","ping_status":"open","template":"","meta":{"footnotes":""},"class_list":["post-289","page","type-page","status-publish","hentry"],"_links":{"self":[{"href":"https:\/\/www.dokosmuskrtkem.cz\/wordpress\/index.php?rest_route=\/wp\/v2\/pages\/289","targetHints":{"allow":["GET"]}}],"collection":[{"href":"https:\/\/www.dokosmuskrtkem.cz\/wordpress\/index.php?rest_route=\/wp\/v2\/pages"}],"about":[{"href":"https:\/\/www.dokosmuskrtkem.cz\/wordpress\/index.php?rest_route=\/wp\/v2\/types\/page"}],"author":[{"embeddable":true,"href":"https:\/\/www.dokosmuskrtkem.cz\/wordpress\/index.php?rest_route=\/wp\/v2\/users\/222"}],"replies":[{"embeddable":true,"href":"https:\/\/www.dokosmuskrtkem.cz\/wordpress\/index.php?rest_route=%2Fwp%2Fv2%2Fcomments&post=289"}],"version-history":[{"count":3,"href":"https:\/\/www.dokosmuskrtkem.cz\/wordpress\/index.php?rest_route=\/wp\/v2\/pages\/289\/revisions"}],"predecessor-version":[{"id":501,"href":"https:\/\/www.dokosmuskrtkem.cz\/wordpress\/index.php?rest_route=\/wp\/v2\/pages\/289\/revisions\/501"}],"wp:attachment":[{"href":"https:\/\/www.dokosmuskrtkem.cz\/wordpress\/index.php?rest_route=%2Fwp%2Fv2%2Fmedia&parent=289"}],"curies":[{"name":"wp","href":"https:\/\/api.w.org\/{rel}","templated":true}]}}