{"id":58,"date":"2011-03-08T15:29:06","date_gmt":"2011-03-08T15:29:06","guid":{"rendered":"http:\/\/www.dokosmuskrtkem.cz\/wordpress\/?page_id=58"},"modified":"2011-05-26T12:55:30","modified_gmt":"2011-05-26T12:55:30","slug":"pro-novinare","status":"publish","type":"page","link":"https:\/\/www.dokosmuskrtkem.cz\/wordpress\/?page_id=58","title":{"rendered":"Pro novin\u00e1\u0159e"},"content":{"rendered":"<p><strong>Tiskov\u00e9 zpr\u00e1vy<\/strong><\/p>\n<ul>\n<li><a href=\"https:\/\/www.dokosmuskrtkem.cz\/wordpress\/wp-content\/uploads\/TZ-Prvni-foto-Krtek-v-kosmu.pdf\" target=\"_blank\">Prvn\u00ed foto Krte\u010dka z kosmu<\/a><\/li>\n<li><a href=\"https:\/\/www.dokosmuskrtkem.cz\/wordpress\/wp-content\/uploads\/TZ-Krtek-a-raketa.pdf\" target=\"_blank\">P\u0159\u00edb\u011bh Krtek a raketa<\/a><\/li>\n<li><a href=\"https:\/\/www.dokosmuskrtkem.cz\/wordpress\/wp-content\/uploads\/ENDEAVOUR-STS-134.pdf\" target=\"_blank\">Mise raketopl\u00e1nu Endeavour STS-134<\/a><\/li>\n<li><a href=\"https:\/\/www.dokosmuskrtkem.cz\/wordpress\/wp-content\/uploads\/Feustel-Andrew.pdf\" target=\"_blank\">Astronaut Andrew Feustel<\/a><\/li>\n<li><a href=\"http:\/\/www.czechspace.cz\/cs\/system\/files\/Krte%C4%8Dek2011-v%C3%BDtvarn%C3%A1+sout%C4%9B%C5%BE.pdf\" target=\"_blank\">V\u00fdtvarn\u00e1 sout\u011b\u017e\u00a0 pro d\u011bti<\/a><\/li>\n<li><a href=\"https:\/\/www.dokosmuskrtkem.cz\/wordpress\/wp-content\/uploads\/planetkazdenekmiler.pdf\" target=\"_blank\">Jm\u00e9no Zde\u0148ka Milera nese jedna z planetek ob\u00edhaj\u00edc\u00edch kolem Slunce<\/a><\/li>\n<li><a href=\"https:\/\/www.dokosmuskrtkem.cz\/wordpress\/wp-content\/uploads\/TZ-ASU-ceska-delegace-na-startu1.pdf\" target=\"_blank\">Start raketopl\u00e1nu Endeavour \u2014 ofici\u00e1ln\u00ed \u010desk\u00e1 delegace<\/a><\/li>\n<\/ul>\n<p><strong>Loga<\/strong><\/p>\n<ul>\n<li><a href=\"https:\/\/www.dokosmuskrtkem.cz\/wordpress\/wp-content\/uploads\/logo-dokosmuskrtkem1.jpg\" target=\"_blank\">Logo Do kosmu s Krtkem ke sta\u017een\u00ed <\/a>(JPG) \u00a9 Zden\u011bk Miler<\/li>\n<li><a href=\"https:\/\/www.dokosmuskrtkem.cz\/wordpress\/wp-content\/uploads\/STS-134_patch.png\" target=\"_blank\">Logo mise STS-134<\/a><\/li>\n<\/ul>\n<p><strong>Ke sta\u017een\u00ed<\/strong><\/p>\n<ul>\n<li><a href=\"https:\/\/www.dokosmuskrtkem.cz\/wordpress\/wp-content\/uploads\/Plakat50x80.pdf\" target=\"_blank\">Plak\u00e1t Andrew Feustel \u2014 Do kosmu s Krtkem<\/a><\/li>\n<li><a href=\"https:\/\/www.dokosmuskrtkem.cz\/wordpress\/wp-content\/uploads\/Let\u00e1kA4.pdf\" target=\"_blank\">Let\u00e1k A4 Do kosmu s Krtkem<\/a><\/li>\n<li><a href=\"https:\/\/www.dokosmuskrtkem.cz\/wordpress\/wp-content\/uploads\/kalendar-akci-Feustel-2011.pdf\" target=\"_blank\">Kalend\u00e1\u0159 doprovodn\u00fdch akc\u00ed<\/a><\/li>\n<\/ul>\n<p><strong>Kontakty<\/strong><\/p>\n<p>Miroslav Konvalina, Americk\u00e9 centrum<br \/>\nE-mail: <a href=\"mailto:KonvalinaM@state.gov\">KonvalinaM@state.gov<\/a><br \/>\nTelefon: 257 022 328<\/p>\n<p>Pavel Suchan, Astronomick\u00fd \u00fastav AV \u010cR<br \/>\nE-mail: <a href=\"mailto:suchan@astro.cz\">suchan@astro.cz<\/a><br \/>\nTelefon: 267 103 040, 737 322 815<\/p>\n<p>Milan Halousek, \u010cesk\u00e1 kosmick\u00e1 kancel\u00e1\u0159<br \/>\nE-mail: <a href=\"mailto:halousek@czechspace.cz\">halousek@czechspace.cz<\/a><br \/>\nTelefon: 602 153 564<\/p>\n","protected":false},"excerpt":{"rendered":"<p>Tiskov\u00e9 zpr\u00e1vy Prvn\u00ed foto Krte\u010dka z kosmu P\u0159\u00edb\u011bh Krtek a raketa Mise raketopl\u00e1nu Endeavour STS-134 Astronaut Andrew Feustel V\u00fdtvarn\u00e1 sout\u011b\u017e\u00a0 pro d\u011bti Jm\u00e9no Zde\u0148ka Milera nese jedna z planetek ob\u00edhaj\u00edc\u00edch kolem Slunce Start raketopl\u00e1nu Endeavour \u2014 ofici\u00e1ln\u00ed \u010desk\u00e1 delegace Loga &hellip; <a href=\"https:\/\/www.dokosmuskrtkem.cz\/wordpress\/?page_id=58\">Cel\u00fd p\u0159\u00edsp\u011bvek <span class=\"meta-nav\">&rarr;<\/span><\/a><\/p>\n","protected":false},"author":222,"featured_media":0,"parent":0,"menu_order":0,"comment_status":"closed","ping_status":"open","template":"","meta":{"footnotes":""},"class_list":["post-58","page","type-page","status-publish","hentry"],"_links":{"self":[{"href":"https:\/\/www.dokosmuskrtkem.cz\/wordpress\/index.php?rest_route=\/wp\/v2\/pages\/58","targetHints":{"allow":["GET"]}}],"collection":[{"href":"https:\/\/www.dokosmuskrtkem.cz\/wordpress\/index.php?rest_route=\/wp\/v2\/pages"}],"about":[{"href":"https:\/\/www.dokosmuskrtkem.cz\/wordpress\/index.php?rest_route=\/wp\/v2\/types\/page"}],"author":[{"embeddable":true,"href":"https:\/\/www.dokosmuskrtkem.cz\/wordpress\/index.php?rest_route=\/wp\/v2\/users\/222"}],"replies":[{"embeddable":true,"href":"https:\/\/www.dokosmuskrtkem.cz\/wordpress\/index.php?rest_route=%2Fwp%2Fv2%2Fcomments&post=58"}],"version-history":[{"count":22,"href":"https:\/\/www.dokosmuskrtkem.cz\/wordpress\/index.php?rest_route=\/wp\/v2\/pages\/58\/revisions"}],"predecessor-version":[{"id":203,"href":"https:\/\/www.dokosmuskrtkem.cz\/wordpress\/index.php?rest_route=\/wp\/v2\/pages\/58\/revisions\/203"}],"wp:attachment":[{"href":"https:\/\/www.dokosmuskrtkem.cz\/wordpress\/index.php?rest_route=%2Fwp%2Fv2%2Fmedia&parent=58"}],"curies":[{"name":"wp","href":"https:\/\/api.w.org\/{rel}","templated":true}]}}